composite?
False
Suppose 12*i + 55*i + 2*i - 51483453 = 0. Is i prime?
False
Is 152109033/6965 + 4/(-70) composite?
False
Let r = 88354 + -49911. Is r a composite number?
True
Let x be (-16)/(-1) + 0 + 1. Suppose -x*y + 5*y = -56652. Is y a prime number?
True
Suppose -123591866 = 53*h - 211*h. Is h composite?
True
Let c = -69564 + 109465. Is c a prime number?
True
Suppose 4*r + 70 = 9*r. Suppose -r = k - 8*k. Suppose -q = 4*q, -5*i + k*q + 1895 = 0. Is i composite?
False
Let i(m) = -2*m**2 + 352*m + 1445. Let s be i(-4). Suppose 5 = -p + 11. Suppose p = -2*y, 5*y - 1400 = -s*n + 3950. Is n prime?
False
Suppose a - 3*z = -3*a + 405, 190 = 2*a - 4*z. Let b = 116 - a. Suppose b*x = -4*x + 3765. Is x prime?
True
Let h(r) = 38*r**2 + 6*r + 65. Let x be h(-6). Suppose -x = -2*g + w, g = -9*w + 13*w + 709. Is g a prime number?
False
Let z(u) = 9 - 1449*u + 9592*u - 6 - 5. Is z(1) prime?
False
Suppose -104 = -20*b + 316. Is -1 - (-1 + b)/((-2)/77) composite?
False
Let a(b) be the third derivative of -685*b**4/24 - 11*b**3 - 229*b**2. Is a(-7) prime?
True
Suppose -3*o + 20 = 4*f, 5*f = 7*f - 3*o + 8. Suppose -s - 2*p + 337 = 0, -s + f*p - 1031 = -4*s. Is s a composite number?
False
Let d(s) = -s**3 + 23*s**2 + 23*s + 26. Let w be d(24). Is (805 + 9)*1/w a composite number?
True
Let r = 87399 + -56822. Is r prime?
True
Let s(v) = 413765*v**2 + 138*v + 2. Is s(-1) composite?
False
Let x(r) = -80*r**3 - 55*r**2 - 17*r - 9. Let l(o) = 40*o**3 + 27*o**2 + 8*o + 5. Let m(s) = -5*l(s) - 2*x(s). Is m(-4) a prime number?
False
Suppose -30*r + 12 = -26*r. Suppose r*i - 3186 = -4*b + 1103, -i + 5*b = -1455. Let o = i + -858. Is o a composite number?
False
Let r = 27 - 14. Suppose 6*s = r*s - 1869. Suppose 47*o - 50*o + s = 0. Is o a prime number?
True
Suppose -734 - 641 = -11*h. Is (-10)/h + 592962/150 prime?
False
Suppose 118*l - 20*l - 15554111 = -15*l. Is l composite?
True
Let u = 37 + -17. Suppose -d = -4*q + 13, u = d - 3*d + 5*q. Let j(v) = -95*v - 4. Is j(d) a prime number?
False
Let j(k) = -19 + 3 - 9*k**2 - k**3 + 2*k**3 + 4*k. Let c be j(11). Let s = c - 112. Is s a composite number?
True
Let m be (-21)/(-12) + 3/12. Suppose -7*t = -2*h - 3*t - 8, -m*h - 4*t + 24 = 0. Suppose h*n = -5*z + 1491, 3*n = -3*z + 5*z - 601. Is z prime?
False
Let t(n) = -872*n**3 - 17*n + 4. Let m be t(-5). Suppose 10*j - m = 29021. Is j prime?
False
Let d be (2 - 5)*(2614 + -2 + -1). Let p = d + 26844. Is p a composite number?
True
Suppose 5592*w = 5593*w - 92623. Is w a composite number?
False
Suppose -4*n + 11*n = -1722. Let l = 729 - n. Let q = -628 + l. Is q a prime number?
True
Let m(k) = -2262*k**3 + k**2 + 3*k + 2. Let v be m(-1). Let r = v + -644. Is r a prime number?
False
Suppose 65*c - 64*c - 4*s = -12, 20 = 4*s. Is (c - (9 - 31220))*1 prime?
True
Suppose -14 = -u - 2*q + 5*q, 0 = -4*u + 4*q + 32. Suppose a - 5*r - 12 = -r, -10 = u*r. Is (719/2)/(2/a) prime?
True
Let i(m) = 11*m - 6*m**2 - 1760*m**3 + 39*m + 9 + 1759*m**3. Is i(-20) a composite number?
True
Suppose -648756 = 53*r - 65*r. Is (-1)/((-162198)/r - -3) a prime number?
True
Let c(b) = -b**3 + 41*b**2 + b + 410. Is c(39) prime?
True
Let x = -9315 + 13978. Is x a prime number?
True
Let d = -109156 + 157846. Suppose 3*r = -3*r + d. Suppose -7*w + 12*w = r. Is w a composite number?
True
Let y(j) = -35026*j**3 + 11*j**2 + 22*j + 11. Is y(-2) a composite number?
False
Let a(v) = 148*v**2 - 2 + 122*v**2 + 86*v**2 + v. Let n be a(-4). Is (14/10 - 2)/((-2)/n) a composite number?
True
Let q(p) = p**2 + p. Let b(i) = -232*i**2 + 10. Let d(t) = -b(t) + q(t). Let x be d(-3). Suppose 3*j = -j + x. Is j prime?
True
Let l(f) = 6144*f + 3. Let y be l(-1). Let m(d) = 427*d**3 - 2*d**2 - d. Let w be m(-2). Let p = w - y. Is p composite?
False
Suppose 0 = 555*n - 630*n + 10045425. Is n a composite number?
True
Let f(z) = 41*z**2 - 4*z - 86. Suppose -4*k + 22 = -3*o - 24, -o = 4*k + 10. Is f(o) a composite number?
True
Let y = 18891 - 11074. Suppose 0 = 4*i + x + y, -2741 = i - x - 783. Let b = i - -2796. Is b a composite number?
True
Let v be (-23)/138 + 11/(-6). Is (-3 + 1355/v)*-22 prime?
False
Let o(c) = 1835*c**2 + 21*c - 22. Let g(z) = 916*z**2 + 10*z - 11. Let p(u) = -5*g(u) + 3*o(u). Is p(3) a prime number?
True
Let r be (2/3)/(4 - (-161)/(-42)). Is -71*(r + -10 - 17) a composite number?
True
Let m(a) = -3*a - 16. Let b be m(-10). Let u(t) = 65*t - 89. Is u(b) a prime number?
True
Let w be -4*(1 - 3)/(8 - 4). Is (w + 1)*(-37108)/(-12) a prime number?
True
Let i(f) = f**2 - 5*f - 19. Let k be 5 + 189/39 - 2/(-13). Let h be (-11 - k) + 1 + (2 - 1). Is i(h) a composite number?
True
Let s(a) = -a**3 + 19*a**2 + 41*a + 20. Let h be s(21). Is (-67)/(-3)*(h + 4) a composite number?
False
Let w = 647008 - 412241. Is w a composite number?
True
Let d(k) = 13*k**3 + 6*k**2 - 3. Let l(i) = -i**3 - i**2 - i + 1. Let p(s) = d(s) + 2*l(s). Let a be -2*(-18)/(-12) + (-3 - -9). Is p(a) a composite number?
True
Suppose -165 = -16*x + 5*x. Let l(n) = 36*n - 93. Is l(x) a prime number?
False
Suppose 3*i + u - 32612 = 0, -2*i + 32608 = i - u. Suppose x - 657 - 4760 = -4*l, 2*x - i = l. Is x a composite number?
True
Let v(w) = -637*w**3 + 59*w**2 + 530*w + 7. Is v(-8) a prime number?
False
Suppose -3*h = -2863 - 236. Let t = 16460 - h. Is t a composite number?
False
Suppose -5*x + 20*o = 23*o - 310808, -2*x = -2*o - 124320. Is x composite?
True
Let c(o) = -o**3 + 10*o**2 + 27*o + 1. Let z be c(12). Let f(h) = 46*h + 55. Is f(z) composite?
True
Is ((-64)/(-144))/(8/978444) composite?
True
Suppose 3*g - 5*g + 74649 = v, g + 4*v - 37342 = 0. Is g a composite number?
True
Let h = 237 + -239. Let o(s) = -s + s**2 - 5 + 19*s**3 - 26*s**3 - 44*s**3. Is o(h) prime?
True
Suppose -5*u + 4*d - d - 7 = 0, 5*u + d = -11. Let n(v) = 583*v**2 + v + 3. Is n(u) a prime number?
True
Is (-13)/(-2)*(-5 - (1 - (224033 + 11))) composite?
True
Let o = -2094 - -1001. Let d = o - -4112. Is d prime?
True
Suppose -r - 3*u = -13, -4*u = 4*r - 8*r + 36. Suppose -9*j + 10 = -r*j. Is -2*(-5)/j + 1664 a prime number?
True
Let d = -20566 - -133397. Is d prime?
True
Let g(q) = 2*q**3 - 26*q**2 + 40*q - 23. Is g(18) a prime number?
False
Suppose -2*q + 2*i + 8 = 6, 4*q - 5*i = 0. Suppose -q*a + 1437 = -8*a. Is a/(2*-2 - (-4 + 1)) a prime number?
True
Suppose -60464 = -12*t - 26*t + 323298. Is t composite?
False
Let g(k) = 72806*k**3 - 2*k**2 - 71*k + 72. Is g(1) a prime number?
False
Let n be (-105)/9 + (14/(-3))/(-7). Let t(c) = c**3 + 11*c**2 + 4. Let d be t(n). Suppose -2513 = -5*l + d*g, -2*l + 1509 = l - 2*g. Is l composite?
True
Let b(a) = -a**3 + 2*a**2 + 16*a + 14853. Is b(0) a prime number?
False
Is 6/14 + (-17279094)/(-735) - (-4)/(-10) a composite number?
False
Let v be (12/(-15))/((-6)/(-15)). Let k(i) = 5*i + 12. Let y be k(v). Suppose -y*m + 2*w = -6*m + 2290, 1141 = 2*m + 5*w. Is m a composite number?
True
Is (-1446)/2410*(-1495030)/6 prime?
True
Let a(n) = 312*n - 6. Let s be a(-2). Let o = s + 368. Let j = -183 - o. Is j prime?
True
Suppose 2*i = 2*g + 5214, 0 = -4*g + 2*g + 5*i - 5202. Is g*((-6)/10 + (-2)/5) prime?
False
Suppose 0 = -17*c + 15*c + 4. Is -17 - -22 - (c + -3068) a prime number?
False
Suppose 2*p + 10 = -0. Let u(n) = -n**3 + 10*n**2 - 12*n + 22. Let j(f) = 2*f**3 - 21*f**2 + 23*f - 44. Let t(o) = p*u(o) - 2*j(o). Is t(21) composite?
True
Let g(m) = 76*m**2 + 11*m - 15. Let j be g(6). Suppose -7*s - j = -330. Let i = s - -616. Is i composite?
True
Is -2 - -11 - -16599 - -11 a composite number?
False
Suppose 0 = -26*c + 17292 + 8968. Let i = c - 561. Is i a composite number?
False
Let f(h) = 2*h**2 + 56 + 2*h**2 + 37*h - 3*h**2 + 0*h**2. Let l be f(27). Suppose 3*d + d = 4*r - 1784, 4*r - l = -3*d. Is r a prime number?
False
Let m(a) = -25*a**3 + 8*a**2 - 13*a - 41. Is m(-10) a prime number?
True
Let x = -600943 - -1395164. Is x composite?
False
Let n(h) = 76*h - 72. Let z be n(1). Suppose 3*q = -27*p + 28*p - 16720, -4*p + z*q = -66888. Is p a composite number?
True
Let t(c) = 471*c**2 + 3*c - 1. Let p(w) = -471*w**2 - 4*w. Let m(j) = -3*p(j) - 4*t(j). Let y be m(-2). Let a = -1206 - y. Is a a composite number?
True
Suppose 3*c + 2*b = -2, 5*b = c + 2*c - 26. Suppose -c*r + 6 = 2. Suppose r*y - 590 = -3*y. Is y a prime number?
False
Le